 Calculate the greatest common divisor of 144 and f.
18
Suppose -2570 = -5*w - 3*y, 1542 = 3*w - 31*y + 33*y. What is the highest common factor of 2 and w?
2
Suppose -91 - 195 = -2*y. Let m(v) = -v**3 + 23*v**2 - 18*v - 75. Let q be m(22). What is the highest common divisor of y and q?
13
Let v(s) = -s - 3. Let u be v(-10). Let k be 1/((5/u)/5). Calculate the greatest common divisor of k and 77.
7
Let b = 1964 + -1689. What is the highest common factor of 125 and b?
25
Let b be (34/3)/(28/42). Let v = -1 + b. What is the greatest common factor of v and 24?
8
Let c = 3 - 1. Suppose c*b - 5*b = -54. Let f(a) = -a**3 - 5*a**2 + 9*a - 8. Let x be f(-7). What is the greatest common divisor of x and b?
9
Suppose -4*s + 1 = -75. Let m = s + -11. Suppose -7*y = -m*y + 72. Calculate the highest common divisor of 8 and y.
8
Let v = -19 - -13. Let d be 1/((v/4)/(-3)). Suppose 3*n - 166 = -d*x, -7*n + 212 = -3*n - 2*x. Calculate the greatest common factor of n and 6.
6
Let g(k) = -k**2 + 3*k + 20. Let f be g(6). Suppose 89 = f*n - 7. Calculate the greatest common factor of n and 36.
12
Let y be (10 - 0)/5 + (17 - -4). Calculate the greatest common divisor of 943 and y.
23
Suppose -3*z + 36 = -0*z. Let p = -3667 - -3703. Calculate the greatest common factor of p and z.
12
Suppose -f + 5*y = 7, 0 - 4 = -4*y. Let l = -1 + f. Let x = l + 5. What is the highest common divisor of x and 4?
2
Suppose 6*m - 13 = 11. Suppose m*r + 567 = 5*x, x = r + 4*r + 105. Calculate the highest common factor of 46 and x.
23
Suppose -3*q - 6 + 18 = 0. Let u(s) = 2*s**2 - 9*s + 7. Let n be u(5). Suppose 5*r = 6*r - n. What is the highest common divisor of r and q?
4
Suppose 31 = 2*b + 17. Suppose -18 = -3*x + 3*p, 4*p - 1 = x - b. Suppose 3*l + 5*y - 3 = 26, -2*y = 2*l - 26. What is the highest common factor of l and x?
6
Let g be ((-8)/(72/(-135)))/((-12)/(-8)). Calculate the highest common factor of 85 and g.
5
Suppose 5*t + 14 = -5*l + 109, 3*t + 55 = 5*l. What is the highest common divisor of 994 and l?
14
Suppose 4*h = m + 130, h + 4*h = 3*m + 166. Let n(y) = 3*y - 2. Let j be n(-6). Let r = j + h. What is the greatest common factor of 12 and r?
12
Let n = 38 + -20. Let w = n - 13. Let y = 10 - w. What is the greatest common factor of y and 10?
5
Suppose -w = -4*y + 412, 220 = 2*y - 5*w + w. Let a = y - 6. Calculate the highest common divisor of a and 48.
48
Suppose 4*j + 2*b = 2*j + 72, -3 = -b. What is the greatest common factor of j and 33?
33
Let c(t) = 106*t**2 + 1. Let i be c(-1). Let h = i - 74. Calculate the highest common factor of h and 22.
11
Let a be (-2)/(-6) - (-610)/6. Suppose w + 170 = 5*b, w = -2*w. What is the highest common factor of b and a?
34
Let j = 348 - 198. Calculate the greatest common factor of 60 and j.
30
Suppose -2*w = -4*v + 218 + 50, -4*w - 16 = 0. Suppose -3*q = -5*b - 135, -2*b - 101 = -4*q + v. What is the highest common divisor of 60 and q?
20
Let n(w) = -w**2 + 7*w - 11. Suppose 5*c - 25 = -0*c. Let h be n(c). Let o be h/4 + (-42)/(-8). What is the highest common divisor of o and 1?
1
Let m be 3 - -3 - (-6)/(-3). Suppose m*z - 2 = 6. Suppose -z*q + 4*w = -30, -3*q - w = 4*w + 10. Calculate the highest common divisor of 30 and q.
5
Suppose -31*c + 14798 - 3080 = 0. What is the greatest common factor of 70 and c?
14
Suppose -2*v + 74 + 120 = 2*p, 3*p - 266 = 2*v. Let s = 77 + 153. Calculate the highest common factor of p and s.
46
Suppose 516 = 9*x - 1095. Let m = x + -17. Calculate the highest common divisor of m and 18.
18
Let n(x) = -2*x + 7. Let c be n(-46). What is the greatest common factor of 33 and c?
33
Suppose 1140 = a + 5*a. Let j = 20 + a. Suppose m + 111 = 4*v - 62, -2*v + 5*m = -109. What is the highest common factor of v and j?
42
Suppose 0 = -0*y + 7*y - 336. Let k(j) = j + 22. Let c be k(-16). What is the highest common factor of c and y?
6
Let u be (-119)/14 + 10 + 138/4. What is the highest common divisor of 342 and u?
18
Let c(n) = -n**2 - 7. Let v be c(-4). Let q = v - -32. Let t = 16 - -2. Calculate the greatest common factor of q and t.
9
Let g = -410 - -426. What is the greatest common factor of g and 752?
16
Let w = -1082 + 1088. Calculate the highest common factor of 152 and w.
2
Let t be ((-416)/(-78))/((-10)/(-465)). What is the greatest common factor of t and 48?
8
Suppose -29*r + 15*r + 1036 = 0. Calculate the greatest common factor of 74 and r.
74
Suppose -3*n + 14 = -136. Let j be (-4)/(-24) + 118/12. What is the highest common factor of j and n?
10
Let p = 16 + -8. Suppose 0 = 3*v - 0*n - 2*n - 94, -n = -v + 31. What is the highest common factor of p and v?
8
Let b be -5 - -11 - (-448 + -1). What is the highest common factor of b and 65?
65
Let i = 9 + -5. Suppose 75 = -i*y - 2*o + 401, 5*y - 412 = -4*o. What is the greatest common divisor of y and 32?
16
Let z = -26 - -28. Suppose z*w + w + 48 = 0. Let q = w - -29. What is the greatest common factor of q and 104?
13
Let a = -729 - -1851. What is the highest common divisor of 66 and a?
66
Let f(x) = 4*x**3 + x**2 - 5*x + 7. Let c be f(2). Calculate the greatest common divisor of 55 and c.
11
Let m = -622 + 340. Let c = -107 - m. What is the highest common factor of 70 and c?
35
Suppose -3 = 3*f - 66. Let a = -9 + f. Calculate the highest common factor of a and 12.
12
Suppose -5*w = -4*f + 141, 6*f - 3*w - 30 = 5*f. What is the greatest common factor of f and 429?
39
Let v = -3335 + 4915. Calculate the highest common factor of 20 and v.
20
Let v(o) = 28*o - 12. Let x be v(2). Suppose -60 = -2*c + x. What is the greatest common factor of 26 and c?
26
Suppose 0 = 29*p - 82*p + 742. Let f be 281/2 + (-3)/(-6). Let h = f - 57. What is the highest common divisor of h and p?
14
Suppose -7*c + 0 = -0. Suppose 5*a - 120 = 2*n, a + c*a = -3*n + 7. What is the greatest common divisor of a and 33?
11
Suppose 20*o - 425 - 220 = -145. Let z = -778 - -397. Let v = 556 + z. What is the highest common divisor of o and v?
25
Suppose 0 = m + 3*m - 132. Calculate the highest common factor of m and 231.
33
Let s = 465 - 171. Calculate the greatest common factor of s and 42.
42
Let l(k) = 4*k + 24. Let z be l(-3). Suppose 2*a - 5*a = 2*i - 278, -4*a + 2*i = -394. What is the greatest common divisor of a and z?
12
Let k be (-10)/(-1 + -1 + 1). Let i be 4*-20*(-30)/80. What is the highest common factor of i and k?
10
Suppose 0 = 4*k - 552 + 132. Let m be (62/5)/((-5)/(-50)). Suppose -5*v = -m + 19. Calculate the greatest common divisor of k and v.
21
Suppose -3 + 9 = -2*j, -5*x - 3*j = -86. Let n = -38 + 95. Let r be 16/6*n/1. What is the highest common factor of x and r?
19
Let v = 379 - 319. Calculate the greatest common divisor of 204 and v.
12
Suppose 609 + 115 = -2*x. Let p = -16 + x. Let j be (15 + -16)/(2/p). What is the highest common divisor of 21 and j?
21
Let z be 148/18 - 2/9. Let p = -22 + 54. Calculate the highest common divisor of z and p.
8
Let u(g) = -20*g + 448. Let m be u(20). Calculate the highest common divisor of 176 and m.
16
Let n(b) be the third derivative of 5*b**4/12 - 5*b**3 - 54*b**2. Let c be n(14). What is the highest common divisor of 10 and c?
10
Suppose 0 = -y - 17 + 20. Let t = -30 - -81. What is the greatest common factor of y and t?
3
Let o(t) = 87*t + 12. Let s be o(0). Calculate the highest common factor of 258 and s.
6
Let w be 12 - 7/14*-42. What is the highest common divisor of w and 6?
3
Let f = 25 - 9. Let t(w) = -w**2 - 26*w + 43. Let v be t(-27). What is the greatest common divisor of f and v?
16
Suppose 0 = 5*g - 6*g + 11. Suppose -11*s = -6*s - 1575. Let j = s - 216. What is the highest common factor of j and g?
11
Suppose 39 = 5*t + 29. Let x be (-16 + 1 + -1)*-1. Calculate the highest common divisor of x and t.
2
Let t be (0 - -5) + 0 - (-924 - -1). Calculate the highest common factor of t and 29.
29
Suppose 12 + 12 = -2*p. Let m = -11 - p. Let r be ((-18)/8)/((-4)/16). Calculate the highest common divisor of m and r.
1
Suppose 4 = 4*f, 6*f = -4*c + 3*f + 255. Suppose 2*q - q - 7 = 0. What is the greatest common divisor of c and q?
7
Let h(f) = -3*f**3 - 3*f**2 - 4*f - 3. Let u be h(-3). Let j be -7 + u - (2 + 1). Suppose -3*c - j + 350 = 0. What is the highest common factor of c and 9?
9
Let m = 169 + 1050. What is the greate